1*l - 29. Let v(d) = 11*d**3 + 5*d**2 + 12*d + 30. Let p(n) = -4*v(n) - 5*y(n). Calculate p(-4).
13
Let k(r) be the first derivative of -r**4/2 - 13*r**3/3 - 7*r**2 - 5*r - 2455. Determine k(-5).
-10
Let m(f) = 1397*f - 10*f**2 - 4*f**3 + 3*f**3 + 18 - 16 - 1403*f. Give m(-9).
-25
Suppose -5*k + 49 = 19. Let b(l) = 7*l**2 - 16*l. Let d(j) = -12*j**2 + 29*j + 1. Let n(f) = 5*b(f) + 3*d(f). Give n(k).
9
Let s be -4*(-11)/(33/(-42)). Let g = s + 58. Let t(k) = 8*k - 1. Calculate t(g).
15
Let p be 8 - (-31 - (-8 + 12)). Let t(c) = 80 - 7*c - 25 + c**2 - p. Determine t(6).
6
Let b(c) be the third derivative of 1/720*c**6 + 0*c**3 + 6*c**2 + 1/60*c**5 + 0*c + 0 - 13/12*c**4. Let n(q) be the second derivative of b(q). Determine n(-3).
-1
Let o(v) = -v. Let n(d) = -365*d + 29 + 365*d - d**2. Let k be 9/(2 - (-28)/(-8)). Let q be n(k). Determine o(q).
7
Let t(k) = 2*k**3 + 12*k**2 + 8*k - 15. Let l be t(-5). Let h(i) = 325*i + 52. Let g(a) = 31*a + 5. Let c(s) = l*h(s) + 52*g(s). What is c(1)?
-13
Suppose 9*c = -11*c - 100. Let t(f) = f**2 - 2 + 11 - 15 + 5*f. Determine t(c).
-6
Let c(f) = f**3 - 12*f**2 - 10*f - 5. Let k(v) = -5*v**2 + 1. Let t(u) = c(u) - 4*k(u). Give t(-9).
0
Suppose -p - 4*h - 2 - 16 = 0, 3*p - 1 = -h. Let q(j) be the first derivative of j - 12 + 7/2*j**p. Give q(1).
8
Suppose f = -1, -22*f + 162 = r - 18*f. Suppose -r = 14*l - 54. Let k(m) = m**2 + 8*m - 3. Calculate k(l).
-3
Let u(t) = 5*t**3 + t**2 - t. Suppose 7*g + 441 = -2*g. Let v(w) = -w**3 - 15*w**2 + 4*w + 12. Let o be v(-15). Let f = o - g. Give u(f).
5
Suppose 4*d + d = -25. Let i(g) = -16*g**2 + 2. Let c(n) = -13*n**2 - n + 2. Let w(r) = 5*c(r) - 4*i(r). Calculate w(d).
2
Let x(a) = 19*a - 10 - 24*a + 10*a**2 - 9 + 0*a**2 + 13. Give x(-2).
44
Let d(h) be the first derivative of -h**4/4 - 7*h**3/3 - h**2/2 + 10*h - 1236. What is d(-5)?
-35
Let j(u) = -u. Suppose 152*h - 146*h = 198. Suppose -h + 21 = 3*z. What is j(z)?
4
Let l(g) = g + 16. Let y(u) = 3*u + 66. Let p(c) = 11*l(c) - 2*y(c). Give p(-7).
9
Let b(h) = h**3 - 4*h**2 + h + 3. Let d = -175 + 252. Let r = -137 + 63. Let z = d + r. Calculate b(z).
-3
Suppose 193*k - 188*k - 20 = 0. Suppose d + 17 = 3*m, k*m + 4*d - 30 = 2*m. Let y(j) = j**3 - 7*j**2 + j - 10. Give y(m).
-3
Let i be (2 - 12/30*5)/(-2). Let q(f) = -4*f + 128 + i*f - 136. Determine q(6).
-32
Let d(a) = -a**3 - 3*a**2 - 4*a + 2. Let q(j) be the second derivative of -j**2/2 - 29*j + 1. Let y = 4 - 9. Let z(v) = y*q(v) - d(v). Give z(-2).
-1
Let q(m) = -m**3 + 2*m**2 - 4*m + 2. Let y(b) = 2*b - 6*b - 29 + 5*b - 2*b + 6. Let f be y(-25). Give q(f).
-6
Let x = -2079 - -2060. Let p(h) = h + 14. What is p(x)?
-5
Let v(r) be the third derivative of r**8/3360 - r**7/5040 + r**6/360 + 3*r**5/10 + 113*r**2. Let s(l) be the third derivative of v(l). Determine s(2).
24
Let f(s) = -2*s**2 - 9*s - 8. Suppose -14*o + 5*w = -9*o - 25, -4*o = 4*w - 12. Suppose 0 = a - o*i - 11, a + 4*i - 4 = 5*a. Determine f(a).
-13
Let d be ((-12)/(-36)*2)/(6/(-369)). Let i(y) = y**3 + 43*y**2 + 79*y - 116. Give i(d).
7
Let g be (-1)/((-2)/(-12)) + 1. Let y(x) be the first derivative of -x**4/4 - 4*x**3/3 + 2*x**2 - 4*x + 26703. What is y(g)?
1
Let h(s) = 9*s - 1. Suppose -4*w = -2*i + 12, -14*i = 5*w - 11*i + 4. What is h(w)?
-19
Let v(a) = -2*a + 2 + 4*a**2 + 4*a**2 - 1. Let x = -6 - -1. Let g be (-12)/(-2) + x - 0. Determine v(g).
7
Suppose 3*s = 4*s. Let u(l) = 12*l**3 - 5*l + 2. Let m(k) = -17*k**3 + 7*k - 4. Let z(j) = 5*m(j) + 7*u(j). Determine z(s).
-6
Let r(x) = -20*x + 31. Suppose 0 = 2197*j - 2307*j + 220. What is r(j)?
-9
Suppose -5*i - 1 = -36. Suppose 4*u - 2*c - 27 = -7*c, -5*u + 6 = -3*c. Suppose i*y = u*y - 16. Let q(l) = l**3 + 5*l**2 + 3*l - 1. Give q(y).
3
Let c = -399 + 173. Let x = 236 + c. Let d(s) = s**2 - 9*s - 12. Give d(x).
-2
Let x(h) be the third derivative of 0 + 0*h - 1/60*h**5 + 19*h**2 - 1/6*h**4 + 5/3*h**3. Let y be x(-5). Let v(o) = -o**3 + 5*o**2 + 2. Determine v(y).
2
Let k(j) = j**3 - j**2 - j - 12. Let c(f) = -3*f**2 - 17*f + 31. Let n be c(4). Let x = -85 - n. Give k(x).
-12
Suppose 5*r + 3*m - 99 = 0, 4*r = -0*r + 4*m + 60. Suppose 5 = 17*u - r*u - v, -5*v + 25 = -5*u. Let j(p) = -2*p - 4. What is j(u)?
6
Let z(f) = -32 + f**3 + 12*f**2 - 14*f - 2 + 13. Give z(-13).
-8
Let y(f) be the first derivative of 2*f**3/3 + 9*f**2/2 + 13*f - 962. What is y(-6)?
31
Suppose -7*v = -71 - 6. Suppose -52 = -v*g + 58. Let t(x) = -x + 5. Give t(g).
-5
Suppose -289*m + 137 - 1413 = 747. Let v(q) = q**2 + 3*q - 26. What is v(m)?
2
Suppose 9*l - 6*l = -12. Let g be 2 + 23 - (0 - 12/l). Suppose 5*f = -7 + g. Let j(u) = u + 2. Calculate j(f).
5
Let k = 5755 - 5751. Let t(y) be the first derivative of 8*y + 41 + 1/4*y**k + 2*y**3 - 7/2*y**2. What is t(-7)?
8
Let v(l) = 4 + l**3 - 7*l + l + 10*l. Let f be (-1)/((1/(-7))/(-3*(-1)/(-7))). Give v(f).
-35
Let g(w) be the second derivative of w**4/12 + w**3/3 + 3*w**2 + 15*w. Let u be g(-2). Let r(i) be the first derivative of i**2/2 + 2*i + 23. What is r(u)?
8
Let k be (2 - (6 + 51)) + 6. Let a = -43 - k. Let w(b) = -b**2 + 7*b + 8. What is w(a)?
14
Let y be 0/(9/(9/2)) - 0. Let h(p) = 2*p - p**2 - p**3 + 435 + y*p**2 - 436. Calculate h(2).
-9
Let r be -1 + 0/(-1) + 2. Let b(i) be the second derivative of -13*i**3/3 + i**2/2 + 57*i. What is b(r)?
-25
Let h(t) be the second derivative of -3*t**5/20 + t**3/3 + t**2/2 + t. Suppose -4*y - 27 = s - 102, -35 = -2*y - 3*s. Suppose 19*l + y = -0*l. Give h(l).
2
Let n(q) = -5*q + 2. Suppose 12 - 2 = 5*i + 4*x, 4*x + 10 = 5*i. Let s(f) = -14*f + 7. Let o(y) = i*s(y) - 7*n(y). Determine o(-4).
-28
Suppose -5*d = -7*q + 41, 6*q = 2*d + 7*q + 5. Let p(k) = -k**3 - 2*k**2 + 9*k - 1. Determine p(d).
-5
Let d(f) = -3*f - 96. Let p be -7*9/(-189) + (-78)/18 + 4. What is d(p)?
-96
Let v(o) = -57*o - 976. Let p be v(-17). Let u(g) = g**3 + 6*g**2 - 7*g - 12. Determine u(p).
-12
Let b(f) = 5 - 128*f - 34*f**2 + 43*f**2 + 132*f. Determine b(-1).
10
Let m(o) = o**3 - 5*o**2 - 8*o + 3. Let h = -35 - -38. Suppose -y + 3 = k, 0 = 2*y + h*k - 8 - 1. Suppose y = -2*l - l + 18. Give m(l).
-9
Let x(o) = -10*o**2 - 37*o - 26 - 2 - 40 + 17. Let t(k) = -3*k**2 - 12*k - 17. Let i(c) = 7*t(c) - 2*x(c). Calculate i(-7).
4
Let i be 4*(-3)/(-9) - (-792)/54. Let d(t) = -21*t - t**3 + 20*t - 3*t**2 + i*t**2 + 17. Calculate d(13).
4
Let v(r) = 2*r - 1. Let w(d) = 2*d. Let x(o) = -3*v(o) + 4*w(o). Let y be ((-6)/45 + (-13)/15)*6. Give x(y).
-9
Let c(z) = 10*z - 5. Let k = 3944 - 3946. Determine c(k).
-25
Let i(h) be the third derivative of h**5/15 + h**4/8 + h**3/2 + 3*h**2. Let d(g) = -29*g**2 - 491*g + 32. Let p be d(-17). Give i(p).
13
Let a(z) = 9*z**2 + 16*z - 27. Let b be a(6). Let n = -396 + b. Let h(v) = -v**2 - v - 1. Give h(n).
-7
Let i(m) = m**3 - m**2 + 3*m + 2. Let q be (40/(-25))/(5 + (-115)/25). Give i(q).
-90
Let i(r) = r + 2. Let o(c) = 12*c + 22 - 32 + c**2 - 4*c. Let a be o(-9). What is i(a)?
1
Let n be (7 + -7)/(-7) - 311. Let u = -307 - n. Let w(g) = -5*g**2 + 12*g - 10. Let a(p) = 6*p**2 - 13*p + 11. Let l(s) = 4*a(s) + 5*w(s). Determine l(u).
10
Suppose -76*n + 1621 = 329. Let z(b) = 2*b + 17. Calculate z(n).
51
Let z(n) = 8154145*n**3 - 64 - 8154153*n**3 + 3*n + 66. Suppose -2*c - 5*y = 7, 0*y - 8 = 3*c + 5*y. Give z(c).
7
Let h(a) be the third derivative of -a**4/6 - a**3/6 + a**2. Let g be 30/((-175)/28 + 6). Let v be ((-33)/7)/3 - g/210. Calculate h(v).
3
Suppose 3*t - 20 = 2*d + 14, 0 = -3*t + 3*d + 39. Suppose -5*x - t = -x. Let b(o) = -2*o**2 - 2*o. Calculate b(x).
-4
Let q(t) be the third derivative of t**5/60 + t**4/4 + t**3/6 - 180042*t**2. Suppose 5*i + 3*b = -33, 3*i + 13 = b + 4*b. Give q(i).
1
Let o(c) = 19*c - 249. Suppose 0 = -285*k + 270*k + 195. Give o(k).
-2
Suppose 0 = 71*z - 68*z + 3222. Let y = z - -1071. Let b(r) be the third derivative of r**4/3 + r**3/6 - 2*r**2. Give b(y).
-23
Let d(g) = -703*g - 20. Let o(y) = -1168*y - 41. Let q(r) = -5*d(r) + 3*o(r). What is q(2)?
-1
Let y = -27824 - -27801. Let o(h) = h**3 + 24*h**2 + 25*h + 20. Calculate o(y).
-26
Let f(n) be the first derivative of n**4/4 - 3*n**3 - 13*n**2/2 - 8*n + 4568. Let z be (-8)/12 + (-96)/(-9). Determine f(z).
-38
Let s(i) = -2*i - 2 + 3*i - 3*i - 8. Let h = -83 + 94. Let z = 3 - h. Determin